{"id":375,"date":"2020-04-18T20:35:44","date_gmt":"2020-04-18T20:35:44","guid":{"rendered":"http:\/\/tandem-finanzberatung.de\/?page_id=375"},"modified":"2023-09-17T16:27:10","modified_gmt":"2023-09-17T16:27:10","slug":"gesetzliche-oder-private-krankenversicherung","status":"publish","type":"page","link":"https:\/\/tandem-finanzberatung.de\/?page_id=375","title":{"rendered":"gesetzliche oder private Krankenversicherung"},"content":{"rendered":"<p>Eine Krankenversicherung sichert, aufgrund einer Erkrankung auftretenden Folgen wie Leistungsausfall, Heilbehandlung und Pflege ab.<br \/>\nDie Krankenversicherung leistet vollen oder teilweisen Versicherungsschutz f\u00fcr Behandlungen von Krankheiten, Mutterschutz, sowie auch bei Unf\u00e4llen.<br \/>\nNeben der gesetzlichen Krankenversicherung, gibt es viele M\u00f6glichkeiten sich privat, in Form von Zahnzusatz, -und Krankenhauszusatzversicherung, sowie Krankentagegeld etc. abzusichern. Ebenfalls ist eine private Krankenvollversicherung unter bestimmten Voraussetzungen m\u00f6glich.<\/p>\n<p>&nbsp;<\/p>\n","protected":false},"excerpt":{"rendered":"<p>Eine Krankenversicherung sichert, aufgrund einer Erkrankung auftretenden Folgen wie Leistungsausfall, Heilbehandlung und Pflege ab. Die Krankenversicherung leistet vollen oder teilweisen Versicherungsschutz f\u00fcr Behandlungen von Krankheiten, Mutterschutz, sowie auch bei Unf\u00e4llen. Neben der gesetzlichen Krankenversicherung, gibt es viele M\u00f6glichkeiten sich privat, in Form von Zahnzusatz, -und Krankenhauszusatzversicherung, sowie Krankentagegeld etc. abzusichern. [&hellip;]<\/p>\n","protected":false},"author":1,"featured_media":0,"parent":47,"menu_order":3,"comment_status":"closed","ping_status":"closed","template":"","meta":{"footnotes":""},"class_list":["post-375","page","type-page","status-publish","hentry"],"_links":{"self":[{"href":"https:\/\/tandem-finanzberatung.de\/index.php?rest_route=\/wp\/v2\/pages\/375","targetHints":{"allow":["GET"]}}],"collection":[{"href":"https:\/\/tandem-finanzberatung.de\/index.php?rest_route=\/wp\/v2\/pages"}],"about":[{"href":"https:\/\/tandem-finanzberatung.de\/index.php?rest_route=\/wp\/v2\/types\/page"}],"author":[{"embeddable":true,"href":"https:\/\/tandem-finanzberatung.de\/index.php?rest_route=\/wp\/v2\/users\/1"}],"replies":[{"embeddable":true,"href":"https:\/\/tandem-finanzberatung.de\/index.php?rest_route=%2Fwp%2Fv2%2Fcomments&post=375"}],"version-history":[{"count":2,"href":"https:\/\/tandem-finanzberatung.de\/index.php?rest_route=\/wp\/v2\/pages\/375\/revisions"}],"predecessor-version":[{"id":457,"href":"https:\/\/tandem-finanzberatung.de\/index.php?rest_route=\/wp\/v2\/pages\/375\/revisions\/457"}],"up":[{"embeddable":true,"href":"https:\/\/tandem-finanzberatung.de\/index.php?rest_route=\/wp\/v2\/pages\/47"}],"wp:attachment":[{"href":"https:\/\/tandem-finanzberatung.de\/index.php?rest_route=%2Fwp%2Fv2%2Fmedia&parent=375"}],"curies":[{"name":"wp","href":"https:\/\/api.w.org\/{rel}","templated":true}]}}